 Determine k(-454).
382
Let z(w) = -103919*w + 1350948. Determine z(13).
1
Let m(h) = 367*h**2 + 793*h - 2405. What is m(3)?
3277
Let u(s) = 160*s**3 + 71365*s**2 + 2229*s - 450. What is u(-446)?
-4
Let p(h) = -h**2 + 44*h + 637. Give p(-8).
221
Let c(m) = m**3 - 7*m**2 - 37*m + 20. Give c(-6).
-226
Let i(w) = 151*w**2 + 13149*w + 1020. Calculate i(-87).
-24
Let m(k) = 75105*k + 450622. Calculate m(-6).
-8
Let g(h) = -5768*h - 69268. Calculate g(-12).
-52
Let r(d) = 1905*d - 1548751. Calculate r(813).
14
Let t(g) = 4*g**3 + 28*g**2 - 55*g + 144. Determine t(-9).
-9
Let p(j) = j**3 - 24*j**2 - 174*j - 37. What is p(-8)?
-693
Let h(m) = -58*m - 5826. Determine h(-137).
2120
Let y(o) = -205*o + 1008. Calculate y(8).
-632
Let z(v) = v**2 - 33145*v + 2315335. Calculate z(70).
85
Let y(g) = 11*g**3 - 7*g**2 + 543*g - 1070. Calculate y(2).
76
Let q(w) = 2*w**2 - 293*w + 1433. Calculate q(5).
18
Let g(q) = 258*q**2 + 282*q - 3004. Calculate g(-4).
-4
Let n(s) = s**3 - 3*s**2 - 40*s + 348. Determine n(6).
216
Let s(r) = 2*r**2 + 40275*r + 281853. Give s(-7).
26
Let z(h) = -h**3 + 9*h**2 + 726*h - 7345. Determine z(10).
-185
Let v(n) = -4842*n + 54626. Determine v(11).
1364
Let c(s) = -45*s**2 + 1520*s + 145. Determine c(34).
-195
Let l(f) = 2*f**2 - 6531*f + 65122. Give l(10).
12
Let r(q) = q**3 + 7*q**2 - 112*q - 591. Give r(10).
-11
Let p(c) = c**3 + 989*c**2 + 28822*c + 49862. Determine p(-959).
-6
Let g(p) = -6159*p + 3301212. Give g(536).
-12
Let h(x) = -8*x**3 + x**2 - 69*x + 142. Give h(2).
-56
Let c(v) = 179*v - 8176. What is c(45)?
-121
Let m(v) = -4*v**2 - 649*v + 23831. Give m(33).
-1942
Let q(m) = -72*m**2 + 3884*m - 46518. Determine q(36).
-6
Let c(d) = -620*d + 13704. Determine c(22).
64
Let o(p) = -p**2 + 221*p - 23. Give o(0).
-23
Let n(j) = j**2 - 42148*j + 9265860. Give n(221).
-7
Let s(u) = u**3 + 357*u**2 + 715*u - 1. What is s(-2)?
-11
Let b(x) = 78*x**2 - 230*x + 1. Determine b(-2).
773
Let l(n) = n**2 + 32*n - 12874. What is l(-132)?
326
Let o(x) = -2*x**3 + 77*x**2 - 246*x + 24. What is o(35)?
-11
Let s(z) = -51350*z - 564857. Determine s(-11).
-7
Let p(j) = -11875*j + 285008. Determine p(24).
8
Let o(a) = 20*a**2 + 3689*a - 25197. Calculate o(-191).
-176
Let a(g) = -14*g**2 + 8162*g + 125596. Calculate a(598).
16
Let k(f) = -45*f**2 - 44*f - 170. Give k(-5).
-1075
Let h(k) = -52*k + 6840. Calculate h(138).
-336
Let x(l) = 451*l**2 + 6270*l + 5291. Give x(-13).
0
Let v(i) = i**3 + 58*i**2 - 2223*i - 114864. Give v(-65).
56
Let x(k) = 8205*k + 196894. Calculate x(-24).
-26
Let s(a) = -302630*a - 907822. What is s(-3)?
68
Let j(r) = 326*r - 1565. Determine j(5).
65
Let c(m) = 84*m**3 + 1438*m**2 + 172*m + 42. What is c(-17)?
8
Let q(c) = 3*c**2 - 215*c - 4851. What is q(-24)?
2037
Let w(r) = 17365*r - 277846. Determine w(16).
-6
Let s(y) = -63621*y - 2544863. Determine s(-40).
-23
Let f(z) = -4*z**2 + 4360*z + 26197. Give f(-6).
-107
Let n(t) = 1304*t + 3354. Determine n(-3).
-558
Let c(j) = 125*j**2 + 1743*j + 25. Determine c(-14).
123
Let b(w) = w**3 + 163*w**2 + 2104*w + 253. What is b(-14)?
1
Let u(t) = -316925*t - 27. Determine u(0).
-27
Let u(i) = -163068*i - 3750573. What is u(-23)?
-9
Let y(h) = 373*h + 1478. Determine y(-6).
-760
Let n(p) = 51*p**2 + 105*p + 438. Calculate n(-4).
834
Let a(c) = 906*c**2 + 4363*c - 34119. What is a(-9)?
0
Let m(s) = -182756*s - 3289610. What is m(-18)?
-2
Let b(k) = -9909*k + 138753. Give b(14).
27
Let a(k) = -10*k**2 - 3255*k + 19859. Determine a(6).
-31
Let t(i) = 61*i**2 - 28464*i + 17703. What is t(466)?
-5
Let z(j) = j**3 - 15*j**2 - 32982*j + 461947. Give z(14).
3
Let i(y) = 3696*y - 521001. Determine i(141).
135
Let x(a) = a**3 + 1015*a**2 - 1698*a - 1723453. Give x(-1015).
17
Let k(v) = 5083*v + 20464. Give k(-4).
132
Let a(z) = -5*z**2 + 107*z + 1680. Give a(-11).
-102
Let l(i) = 15*i**2 + 5484*i - 35705. What is l(-372)?
7
Let c(k) = k**3 + 665*k**2 + 4387*k - 144107. Give c(-658).
-5
Let d(s) = -s**3 + 9758*s**2 + 293640*s - 13. What is d(-30)?
-13
Let c(j) = 349*j**2 + 8008*j + 141. Determine c(-23).
578
Let n(v) = -v**2 - 363*v + 16117. Give n(38).
879
Let y(i) = -4022*i - 52394. What is y(-13)?
-108
Let v(d) = 4*d**2 - 60*d - 611. Calculate v(23).
125
Let j(z) = -11*z**2 + 430*z - 635. What is j(34)?
1269
Let p(s) = -3*s**3 - 179*s**2 + 63*s + 148. What is p(-60)?
-32
Let z(t) = -t**2 - 108*t + 30936. Calculate z(129).
363
Let m(t) = -3*t**2 - 816*t - 4862. Determine m(-6).
-74
Let i(o) = 6*o**3 - 1028*o**2 - 5157*o + 59. Determine i(-5).
-606
Let m(j) = -86365*j - 173068. What is m(-2)?
-338
Let w(t) = -52*t**3 + 466*t**2 + 21*t - 137. Calculate w(7).
5008
Let h(f) = -f**3 + 2827*f**2 + 19828*f - 73. What is h(-7)?
-3
Let i(u) = 156725*u + 313483. Determine i(-2).
33
Let l(s) = s**3 + 39*s**2 - 187*s + 94. What is l(4)?
34
Let m(x) = 514*x**2 - 4115*x + 58. Calculate m(8).
34
Let j(k) = 12570*k + 138275. Calculate j(-11).
5
Let k(o) = -14*o**2 + 2925*o - 14654. Give k(5).
-379
Let c(g) = 10*g**3 + 33*g**2 + 199*g + 268. Determine c(-2).
-78
Let n(w) = -w**2 - 152*w - 120. What is n(-151)?
31
Let n(i) = i**2 + 943*i + 222205. Determine n(-464).
-51
Let i(c) = -2*c**2 + 192*c - 3592. Calculate i(69).
134
Let o(b) = -2*b**3 - 16*b**2 - 332*b - 1881. Give o(-6).
-33
Let b(n) = 3*n**2 + 2803*n + 30492. Determine b(-11).
22
Let x(a) = -410*a**2 + 11088*a - 493. What is x(27)?
-7
Let j(n) = 847*n - 213444. Determine j(252).
0
Let o(g) = -6*g**2 + 47*g + 85037. What is o(123)?
44
Let q(m) = -m**3 - 124*m**2 - 1109*m + 365. Determine q(-10).
55
Let p(y) = -319*y - 28763. Give p(-90).
-53
Let t(j) = -13*j**2 - 768*j - 4790. Give t(-52).
-6
Let k(n) = -7*n**3 - 25*n**2 + 577*n - 407. Give k(7).
6
Let n(x) = 40*x**2 + 211*x + 204. Calculate n(-1).
33
Let l(h) = -9712*h + 2981596. Give l(307).
12
Let m(o) = o**3 - 5418*o**2 + 263085*o - 197. Calculate m(49).
-1
Let d(y) = 7*y**3 + 28*y**2 + 5556*y + 22225. What is d(-4)?
1
Let s(i) = -7397*i - 14865. Determine s(-2).
-71
Let r(q) = 8286*q - 60058. Give r(7).
-2056
Let l(y) = 37688*y + 150655. Determine l(-4).
-97
Let n(t) = t**3 - 1758*t**2 - 3556*t + 63355. What is n(1760)?
-5
Let k(t) = -t**3 + 7*t**2 + 46*t + 98. Give k(-3).
50
Let z(n) = 29*n**2 - 504*n - 29. Give z(15).
-1064
Let y(k) = -17006*k + 119012. Determine y(7).
-30
Let s(m) = -40*m**2 - 694*m - 2338. Give s(-11).
456
Let l(c) = 227*c + 2219. Calculate l(-15).
-1186
Let h(u) = 2*u**2 - 42*u + 343. Give h(8).
135
Let y(t) = -38980*t - 467767. Give y(-12).
-7
Let i(d) = 477*d**2 - 832*d - 2. Give i(1).
-357
Let n(i) = 19*i**2 + 12*i - 179. Determine n(-6).
433
Let s(o) = 4*o**2 + 38*o - 179. Determine s(3).
-29
Let y(n) = -49*n**2 + 654*n - 1291. Determine y(8).
805
Let n(l) = -7*l**2 + 198*l - 575. Give n(25).
0
Let z(y) = 111*y**3 - 41*y**2 + 65*y - 68. Give z(1).
67
Let y(c) = 11*c**3 + 583*c**2 + 100*c + 5311. What is y(-53)?
11
Let f(t) = -5948*t**2 - 47582*t + 29. Determine f(-8).
13
Let u(p) = -9*p**2 - 296*p - 190. What is u(0)?
-190
Let h(a) = -4*a**3 - 1631*a**2 + 1934*a - 45450. Give h(-409).
-51
Let l(a) = 219*a**2 - 11547*a - 3175. Give l(53).
5
Let w(q) = -2*q**2 + 3057*q + 687727. Determine w(-199).
182
Let l(u) = -u**2 + 152*u - 5520. Determine l(101).
-369
Let z(a) = a**2 - 20994*a - 441310. What is z(-21)?
5
Let m(q) = 302919*q - 2120457. Give m(7).
-24
Let l(a) = 4794578*a - 14383736. Calculate l(3).
-2
Let y(c) = c**3 + 67*c**2 + 852*c + 119. Give y(-50).
19
Let o(r) = -81*r**2 - 99*r - 194. Calculate o(-2).
-320
Let s(g) = -4667*g**2 - 107333*g + 137. Determine s(-23).
-47
Let k(y) = -3*y**3 + y**2 + 51*y + 21. Determine k(4).
49
Let c(o) = -36568*o + 402151. What is c(11)?
-97
Let l(p) = 3353*p + 46946. Determine l(-14).
4
Let i(v) = 4*v**3 + 78*v**2 - 191*v + 632. Determine i(-22).
-6
Let s(h) = 2*h**2 + 118*h - 1158. Calculate s(9).
66
Let m(j) = -18*j**3 + 1311*j**2 - 1311*j + 4. What is m(1)?
-14
Let y(i) = -11*i**2 + 157*i + 38. Calculate y(11).
434
Let i(m) = 4*m**3 - 16*m**2 - 16*m - 18. Give i(7).
458
Let d(o) = 13749*o + 108515. What is d(-8)?
-1477
Let f(t) = 11*t**3 - 331*t**2 + 33*t + 301. Calculate f(30).
391
Let m(j) = -384*j + 19938. Determine m(52).
-30
Let x(t) = 13*t**2 + 529*t + 3647. What is x(-7)?
581
Let i(f) = f**3 + 161*f**2 